{"id":143,"date":"2011-10-26T14:46:12","date_gmt":"2011-10-26T17:46:12","guid":{"rendered":"http:\/\/inspiracion.cl\/humanidades\/?page_id=143"},"modified":"2017-05-06T16:03:59","modified_gmt":"2017-05-06T20:03:59","slug":"eje-gestion","status":"publish","type":"page","link":"https:\/\/humanidades.uach.cl\/respaldo\/facultad\/plan-estrategico\/eje-gestion\/","title":{"rendered":"Eje Gesti\u00f3n"},"content":{"rendered":"<p><b>OBJETIVO ESTRAT\u00c9GICO GENERAL<\/b><\/p>\n<p>Asegurar los procesos de gesti\u00f3n que promuevan los espacios de participaci\u00f3n, el desarrollo acad\u00e9mico y la calidad de vida de los integrantes de la facultad.<\/p>\n<p><b>\u00a0<\/b><\/p>\n<p><b>OBJETIVO ESTRAT\u00c9GICO ESPEC\u00cdFICO 1<\/b><\/p>\n<p>Mejorar la calidad de vida de los integrantes de la Facultad.<\/p>\n<p><b><\/b><b>L\u00edneas de acci\u00f3n\u00a0<\/b><\/p>\n<p>1. Mejorar las condiciones laborales de docentes y funcionarios.<\/p>\n<p>2. Mejorar y cautelar la calidad y las condiciones de los servicios de mantenci\u00f3n que reciben los espacios f\u00edsicos de la Facultad (CIDFIL y nuevo edificio).<\/p>\n<p>&nbsp;<\/p>\n<p><b>OBJETIVO ESTRAT\u00c9GICO ESPEC\u00cdFICO <\/b><b>2<\/b><\/p>\n<p>Fortalecer los espacios de participaci\u00f3n al interior de la Facultad.<\/p>\n<p><b>L\u00edneas de acci\u00f3n\u00a0<\/b><\/p>\n<p>1. Consolidar y ampliar espacios de participaci\u00f3n triestamental.<\/p>\n<p>2. Evaluar y redise\u00f1ar la composici\u00f3n y funcionamiento de los Consejos de escuela, claustros de institutos y Consejo de Facultad.<\/p>\n<p>&nbsp;<\/p>\n<p><b>OBJETIVO ESTRAT\u00c9GICO ESPEC\u00cdFICO 3<\/b><\/p>\n<p>Fortalecer y ampliar la oferta acad\u00e9mica de pregrado de la facultad.<\/p>\n<p>1. Diagnosticar, evaluar y dise\u00f1ar nuevas carreras de pregrado de la facultad.<\/p>\n<p>2. Gestionar las condiciones acad\u00e9micas, operacionales (actuales y futuras) de infraestructura, recursos pedag\u00f3gicos, cantidad de docentes y matriculados, necesarios para asegurar la calidad de los procesos formativos.<\/p>\n","protected":false},"excerpt":{"rendered":"<p>OBJETIVO ESTRAT\u00c9GICO GENERAL Asegurar los procesos de gesti\u00f3n que promuevan los espacios de participaci\u00f3n, el desarrollo acad\u00e9mico y la calidad de vida de los integrantes de la facultad. \u00a0 OBJETIVO ESTRAT\u00c9GICO ESPEC\u00cdFICO 1 Mejorar la calidad de vida de los integrantes de la Facultad. L\u00edneas de acci\u00f3n\u00a0 1. Mejorar las condiciones laborales de docentes y [&hellip;]<\/p>\n","protected":false},"author":1,"featured_media":0,"parent":134,"menu_order":0,"comment_status":"open","ping_status":"closed","template":"page_planEstrategico.php","meta":[],"_links":{"self":[{"href":"https:\/\/humanidades.uach.cl\/respaldo\/wp-json\/wp\/v2\/pages\/143"}],"collection":[{"href":"https:\/\/humanidades.uach.cl\/respaldo\/wp-json\/wp\/v2\/pages"}],"about":[{"href":"https:\/\/humanidades.uach.cl\/respaldo\/wp-json\/wp\/v2\/types\/page"}],"author":[{"embeddable":true,"href":"https:\/\/humanidades.uach.cl\/respaldo\/wp-json\/wp\/v2\/users\/1"}],"replies":[{"embeddable":true,"href":"https:\/\/humanidades.uach.cl\/respaldo\/wp-json\/wp\/v2\/comments?post=143"}],"version-history":[{"count":7,"href":"https:\/\/humanidades.uach.cl\/respaldo\/wp-json\/wp\/v2\/pages\/143\/revisions"}],"predecessor-version":[{"id":18243,"href":"https:\/\/humanidades.uach.cl\/respaldo\/wp-json\/wp\/v2\/pages\/143\/revisions\/18243"}],"up":[{"embeddable":true,"href":"https:\/\/humanidades.uach.cl\/respaldo\/wp-json\/wp\/v2\/pages\/134"}],"wp:attachment":[{"href":"https:\/\/humanidades.uach.cl\/respaldo\/wp-json\/wp\/v2\/media?parent=143"}],"curies":[{"name":"wp","href":"https:\/\/api.w.org\/{rel}","templated":true}]}}