{"id":141,"date":"2011-10-26T14:44:57","date_gmt":"2011-10-26T17:44:57","guid":{"rendered":"http:\/\/inspiracion.cl\/humanidades\/?page_id=141"},"modified":"2017-05-06T15:52:31","modified_gmt":"2017-05-06T19:52:31","slug":"eje-extension","status":"publish","type":"page","link":"https:\/\/humanidades.uach.cl\/respaldo\/facultad\/plan-estrategico\/eje-extension\/","title":{"rendered":"Eje Extensi\u00f3n"},"content":{"rendered":"<p><b>OBJETIVO ESTRAT\u00c9GICO GENERAL<br \/>\n<\/b>Consolidar la pol\u00edtica de extensi\u00f3n y vinculaci\u00f3n con el medio de la Facultad de Filosof\u00eda y Humanidades a trav\u00e9s de un trabajo pluriestamental con el entorno social y cultural, principalmente, del territorio sur austral de Chile.<\/p>\n<p><b>\u00a0<\/b><\/p>\n<p><b>OBJETIVO ESTRAT\u00c9GICO ESPEC\u00cdFICO 1<br \/>\n<\/b>Garantizar las condiciones necesarias para asegurar la consolidaci\u00f3n de las pol\u00edticas de extensi\u00f3n y vinculaci\u00f3n con el medio de la \u00a0facultad y la universidad.<\/p>\n<p><b>L\u00edneas de acci\u00f3n<\/b><\/p>\n<p>1. Dotar de recursos humanos y materiales suficientes para un adecuado funcionamiento de la Coordinaci\u00f3n de Extensi\u00f3n de la Facultad.<\/p>\n<p>2. Articular un Consejo de Extensi\u00f3n pluriestamental que asegure el desarrollo de la pol\u00edtica de extensi\u00f3n y vinculaci\u00f3n con el medio.<\/p>\n<p>3. Reconocer acad\u00e9mica e institucionalmente las actividades de extensi\u00f3n y vinculaci\u00f3n con el medio que realizan docentes, estudiantes, funcionarios de la facultad y actores externos a la facultad y universidad.<\/p>\n<p>4. Incidir en la creaci\u00f3n de una Vicerrector\u00eda de Vinculaci\u00f3n con el Medio en la universidad.<\/p>\n<p>&nbsp;<\/p>\n<p>&nbsp;<\/p>\n<p><b>OBJETIVO ESTRAT\u00c9GICO ESPEC\u00cdFICO <\/b><b>2<br \/>\n<\/b>Promover una cultura de participaci\u00f3n pluriestamental en extensi\u00f3n y vinculaci\u00f3n con el medio.<\/p>\n<p><b>L\u00ednea de acci\u00f3n<\/b><\/p>\n<p>1. Propiciar y comprometer la participaci\u00f3n colectiva en la organizaci\u00f3n y desarrollo de actividades de extensi\u00f3n y vinculaci\u00f3n con el medio.<\/p>\n<p>2. Vincular los saberes y quehaceres de la facultad con las comunidades escolares y otras instituciones y organizaciones externas.<\/p>\n<p>3. Relevar las experiencias pluriestamentales en perspectiva hist\u00f3rica y futura.<\/p>\n<p>&nbsp;<\/p>\n<p>&nbsp;<\/p>\n<p><b>OBJETIVO ESTRAT\u00c9GICO ESPEC\u00cdFICO 3<br \/>\n<\/b>Fortalecer la difusi\u00f3n y articulaci\u00f3n de las actividades de extensi\u00f3n y vinculaci\u00f3n con el medio de la facultad y el entorno a trav\u00e9s de diversas modalidades de comunicaci\u00f3n.<\/p>\n<p><b>L\u00ednea de acci\u00f3n<\/b><\/p>\n<p>1. Cualificar los medios de comunicaci\u00f3n actualmente existentes de la facultad, la universidad y el entorno.<\/p>\n<p>2. Estimular espacio de comunicaci\u00f3n pluriestamental entre la Coordinaci\u00f3n de Extensi\u00f3n y las distintas unidades de la facultad.<\/p>\n<p>3. Sistematizar y difundir informaci\u00f3n de las relaciones nacionales e internacionales establecidas en convenios e intercambios entre la universidad, facultad y organismos nacionales e internacionales.<\/p>\n<p>4. Promover el uso de la p\u00e1gina web de la facultad.<\/p>\n<p>&nbsp;<\/p>\n","protected":false},"excerpt":{"rendered":"<p>OBJETIVO ESTRAT\u00c9GICO GENERAL Consolidar la pol\u00edtica de extensi\u00f3n y vinculaci\u00f3n con el medio de la Facultad de Filosof\u00eda y Humanidades a trav\u00e9s de un trabajo pluriestamental con el entorno social y cultural, principalmente, del territorio sur austral de Chile. \u00a0 OBJETIVO ESTRAT\u00c9GICO ESPEC\u00cdFICO 1 Garantizar las condiciones necesarias para asegurar la consolidaci\u00f3n de las pol\u00edticas [&hellip;]<\/p>\n","protected":false},"author":1,"featured_media":0,"parent":134,"menu_order":0,"comment_status":"open","ping_status":"closed","template":"page_planEstrategico.php","meta":[],"_links":{"self":[{"href":"https:\/\/humanidades.uach.cl\/respaldo\/wp-json\/wp\/v2\/pages\/141"}],"collection":[{"href":"https:\/\/humanidades.uach.cl\/respaldo\/wp-json\/wp\/v2\/pages"}],"about":[{"href":"https:\/\/humanidades.uach.cl\/respaldo\/wp-json\/wp\/v2\/types\/page"}],"author":[{"embeddable":true,"href":"https:\/\/humanidades.uach.cl\/respaldo\/wp-json\/wp\/v2\/users\/1"}],"replies":[{"embeddable":true,"href":"https:\/\/humanidades.uach.cl\/respaldo\/wp-json\/wp\/v2\/comments?post=141"}],"version-history":[{"count":6,"href":"https:\/\/humanidades.uach.cl\/respaldo\/wp-json\/wp\/v2\/pages\/141\/revisions"}],"predecessor-version":[{"id":18236,"href":"https:\/\/humanidades.uach.cl\/respaldo\/wp-json\/wp\/v2\/pages\/141\/revisions\/18236"}],"up":[{"embeddable":true,"href":"https:\/\/humanidades.uach.cl\/respaldo\/wp-json\/wp\/v2\/pages\/134"}],"wp:attachment":[{"href":"https:\/\/humanidades.uach.cl\/respaldo\/wp-json\/wp\/v2\/media?parent=141"}],"curies":[{"name":"wp","href":"https:\/\/api.w.org\/{rel}","templated":true}]}}