{"id":134,"date":"2011-10-26T14:40:40","date_gmt":"2011-10-26T17:40:40","guid":{"rendered":"http:\/\/inspiracion.cl\/humanidades\/?page_id=134"},"modified":"2017-05-08T09:39:47","modified_gmt":"2017-05-08T13:39:47","slug":"plan-estrategico","status":"publish","type":"page","link":"https:\/\/humanidades.uach.cl\/respaldo\/facultad\/plan-estrategico\/","title":{"rendered":"Plan Estrat\u00e9gico &#8211; Facultad de Filosof\u00eda y Humanidades (2016-2019)"},"content":{"rendered":"<div id='gallery-1' class='gallery galleryid-134 gallery-columns-3 gallery-size-thumbnail'><dl class='gallery-item'>\n\t\t\t<dt class='gallery-icon landscape'>\n\t\t\t\t<a href='https:\/\/humanidades.uach.cl\/respaldo\/pag-3-3-2\/'><img width=\"100\" height=\"100\" src=\"https:\/\/humanidades.uach.cl\/respaldo\/wp-content\/uploads\/2017\/05\/Pag-3-3-100x100.jpg\" class=\"attachment-thumbnail size-thumbnail\" alt=\"\" loading=\"lazy\" \/><\/a>\n\t\t\t<\/dt><\/dl><dl class='gallery-item'>\n\t\t\t<dt class='gallery-icon landscape'>\n\t\t\t\t<a href='https:\/\/humanidades.uach.cl\/respaldo\/2017\/04\/27\/inauguraron-ano-academico-del-area-de-educacion-de-la-facultad-de-filosofia-y-humanidades\/img_7219\/'><img width=\"100\" height=\"100\" src=\"https:\/\/humanidades.uach.cl\/respaldo\/wp-content\/uploads\/2017\/04\/IMG_7219-100x100.jpg\" class=\"attachment-thumbnail size-thumbnail\" alt=\"\" loading=\"lazy\" \/><\/a>\n\t\t\t<\/dt><\/dl><dl class='gallery-item'>\n\t\t\t<dt class='gallery-icon landscape'>\n\t\t\t\t<a href='https:\/\/humanidades.uach.cl\/respaldo\/2016\/12\/15\/escuela-de-educacion-fisica-de-la-uach-realiza-expedicion-a-torres-del-paine\/comienzo\/'><img width=\"100\" height=\"100\" src=\"https:\/\/humanidades.uach.cl\/respaldo\/wp-content\/uploads\/2016\/12\/comienzo-100x100.jpg\" class=\"attachment-thumbnail size-thumbnail\" alt=\"\" loading=\"lazy\" \/><\/a>\n\t\t\t<\/dt><\/dl><br style=\"clear: both\" \/><dl class='gallery-item'>\n\t\t\t<dt class='gallery-icon landscape'>\n\t\t\t\t<a href='https:\/\/humanidades.uach.cl\/respaldo\/2016\/11\/24\/taller-de-remo-inclusivo-y-formativo\/img_6563\/'><img width=\"100\" height=\"100\" src=\"https:\/\/humanidades.uach.cl\/respaldo\/wp-content\/uploads\/2016\/11\/IMG_6563-100x100.jpg\" class=\"attachment-thumbnail size-thumbnail\" alt=\"\" loading=\"lazy\" \/><\/a>\n\t\t\t<\/dt><\/dl><dl class='gallery-item'>\n\t\t\t<dt class='gallery-icon landscape'>\n\t\t\t\t<a href='https:\/\/humanidades.uach.cl\/respaldo\/2016\/08\/24\/atlas-linguistico-y-etnografico-de-chile-por-regiones\/dsc_8516\/'><img width=\"100\" height=\"100\" src=\"https:\/\/humanidades.uach.cl\/respaldo\/wp-content\/uploads\/2016\/08\/DSC_8516-100x100.jpg\" class=\"attachment-thumbnail size-thumbnail\" alt=\"\" loading=\"lazy\" \/><\/a>\n\t\t\t<\/dt><\/dl>\n\t\t\t<br style='clear: both' \/>\n\t\t<\/div>\n\n<h2><\/h2>\n<h2>Desaf\u00edos a partir de nuestro Sexag\u00e9simo aniversario<\/h2>\n<p>A lo largo de estos a\u00f1os de vigencia del actual Plan 2012-2015, hemos ido materializando muchos de los compromisos asumidos. No obstante, a\u00fan quedan desaf\u00edos y deudas que debemos afrontar. El presente Plan aborda y profundiza algunos de estos desaf\u00edos a partir de un trabajo reflexivo y de \u201cbase\u201d, incorporando objetivos estrat\u00e9gicos que, esperamos, tengan un impacto positivo y duradero en el devenir de la Facultad.<\/p>\n<p>En el \u00e1mbito de la pol\u00edtica universitaria, destacamos, por ejemplo, la b\u00fasqueda y materializaci\u00f3n de un posicionamiento propositivo -en el contexto de la nueva institucionalidad &#8211; sobre el cuerpo estatutario de nuestra universidad en relaci\u00f3n a la participaci\u00f3n pluriestamental y la propia gobernanza universitaria. Para ello, nos proponemos la evaluaci\u00f3n y redise\u00f1o de la composici\u00f3n y funcionamiento de los Consejos de Escuela, Claustros de Institutos y Consejo de Facultad y la implementaci\u00f3n de instancias triestamentales permanentes de formaci\u00f3n en participaci\u00f3n y pol\u00edtica universitaria. En el \u00e1mbito de la docencia, podemos destacar, entre otros objetivos estrat\u00e9gicos, la consolidaci\u00f3n de una docencia de excelencia de pre- y postgrado centrada en el aprendizaje situado y cr\u00edtico-reflexivo, y la implementaci\u00f3n de procesos evaluativos propios para asegurar dicha docencia de excelencia. A su vez, se busca complementar la cualificaci\u00f3n de las pr\u00e1cticas docentes a trav\u00e9s de actividades formativas de actualizaci\u00f3n e innovaci\u00f3n.<\/p>\n<p>En cuanto a la investigaci\u00f3n y formaci\u00f3n de postgrado, son varios los objetivos que merecen atenci\u00f3n, pero destacan, el de establecer mecanismos de di\u00e1logo-debate para la definici\u00f3n de la especificidad de las Humanidades y Ciencias Sociales y su aporte a los saberes y l\u00edneas de acci\u00f3n, como la creaci\u00f3n de un seminario permanente de intercambio de saberes inter-unidades acad\u00e9micas de la facultad y con la sociedad civil y pol\u00edtica. Igualmente apreciable, es la creaci\u00f3n de un programa de investigaci\u00f3n interdisciplinario de la facultad a largo plazo.<\/p>\n<p>En el \u00e1mbito de la extensi\u00f3n, y m\u00e1s all\u00e1 de la continuidad y mejoramiento de muchos objetivos logrados y que han servido de ejemplo a la propia universidad, en el presente Plan se propone una pol\u00edtica de recuperaci\u00f3n de la memoria e historia de la Facultad, que en 2016 y en su 60 aniversario, se transform\u00f3 en una necesidad y urgencia identitaria, de la que se debe tener preocupaci\u00f3n sistem\u00e1tica. Al mismo tiempo, se busca una contribuci\u00f3n institucional de largo alcance en el \u00e1mbito de la extensi\u00f3n, como lo es la elaboraci\u00f3n de una propuesta para la recuperaci\u00f3n y creaci\u00f3n de una Vicerrector\u00eda de Extensi\u00f3n y Vinculaci\u00f3n con el Medio en la Universidad. En relaci\u00f3n a la Gesti\u00f3n, un objetivo importante para el futuro de la Macrounidad, es la continuidad del trabajo y supervisi\u00f3n \u2013por parte de la Comisi\u00f3n de Infraestructura-, del proyecto de construcci\u00f3n del nuevo edificio de la Facultad; as\u00ed como tambi\u00e9n, la adecuaci\u00f3n y fortalecimiento de la planta administrativa de apoyo a las escuelas de pregrado y -trascendental para nuestro futuro-, el estudio, evaluaci\u00f3n y apertura de nuevas carreras de pregrado.<\/p>\n<p>Ahora bien, esperamos que este nuevo Plan Estrat\u00e9gico no s\u00f3lo sirva como testimonio de nuestros amplios consensos para el desarrollo de nuestra Facultad, sino como una herramienta arrebatada a la gesti\u00f3n burocr\u00e1tica y transformada en una orientaci\u00f3n activa, comprehensiva y problematizadora, que no s\u00f3lo vislumbra el horizonte, sino tambi\u00e9n se ocupa del camino. Pues en esto radica tanto la potencialidad como la fragilidad de \u00e9ste -y otros Planes Estrat\u00e9gicos por venir-: sin disposici\u00f3n, responsabilidad mancomunada y, de sobremanera, sin priorizaci\u00f3n, pierde totalmente sentido. Debemos, por tanto, dise\u00f1ar un futuro deseable, pero con el mismo entusiasmo y compromiso, inventar el camino para conseguirlo. Por ello, hoy m\u00e1s que nunca y en estos 60 a\u00f1os de vida, la historia nos compromete: el futuro no hay que preverlo, sino crearlo.<\/p>\n<p><a href=\"http:\/\/humanidades.uach.cl\/respaldo\/wp-content\/uploads\/2017\/05\/plan-estrategico-2016-2019.pdf\">Plan Estrat\u00e9gico &#8211; Facultad de Filosof\u00eda y Humanidades (2016-2019)<\/a><\/p>\n","protected":false},"excerpt":{"rendered":"<p>Desaf\u00edos a partir de nuestro Sexag\u00e9simo aniversario A lo largo de estos a\u00f1os de vigencia del actual Plan 2012-2015, hemos ido materializando muchos de los compromisos asumidos. No obstante, a\u00fan quedan desaf\u00edos y deudas que debemos afrontar. El presente Plan aborda y profundiza algunos de estos desaf\u00edos a partir de un trabajo reflexivo y de [&hellip;]<\/p>\n","protected":false},"author":1,"featured_media":18246,"parent":95,"menu_order":0,"comment_status":"open","ping_status":"closed","template":"page_planEstrategico.php","meta":[],"_links":{"self":[{"href":"https:\/\/humanidades.uach.cl\/respaldo\/wp-json\/wp\/v2\/pages\/134"}],"collection":[{"href":"https:\/\/humanidades.uach.cl\/respaldo\/wp-json\/wp\/v2\/pages"}],"about":[{"href":"https:\/\/humanidades.uach.cl\/respaldo\/wp-json\/wp\/v2\/types\/page"}],"author":[{"embeddable":true,"href":"https:\/\/humanidades.uach.cl\/respaldo\/wp-json\/wp\/v2\/users\/1"}],"replies":[{"embeddable":true,"href":"https:\/\/humanidades.uach.cl\/respaldo\/wp-json\/wp\/v2\/comments?post=134"}],"version-history":[{"count":18,"href":"https:\/\/humanidades.uach.cl\/respaldo\/wp-json\/wp\/v2\/pages\/134\/revisions"}],"predecessor-version":[{"id":18247,"href":"https:\/\/humanidades.uach.cl\/respaldo\/wp-json\/wp\/v2\/pages\/134\/revisions\/18247"}],"up":[{"embeddable":true,"href":"https:\/\/humanidades.uach.cl\/respaldo\/wp-json\/wp\/v2\/pages\/95"}],"wp:featuredmedia":[{"embeddable":true,"href":"https:\/\/humanidades.uach.cl\/respaldo\/wp-json\/wp\/v2\/media\/18246"}],"wp:attachment":[{"href":"https:\/\/humanidades.uach.cl\/respaldo\/wp-json\/wp\/v2\/media?parent=134"}],"curies":[{"name":"wp","href":"https:\/\/api.w.org\/{rel}","templated":true}]}}