{"id":1294,"date":"2011-11-17T04:44:29","date_gmt":"2011-11-17T04:44:29","guid":{"rendered":"http:\/\/inspiracion.cl\/humanidades\/?page_id=1294"},"modified":"2020-01-16T15:06:01","modified_gmt":"2020-01-16T18:06:01","slug":"difusion-de-carreras","status":"publish","type":"page","link":"https:\/\/humanidades.uach.cl\/respaldo\/extension\/difusion-de-carreras\/","title":{"rendered":"Difusi\u00f3n de Carreras"},"content":{"rendered":"<p style=\"text-align: justify;\">La Facultad de Filosof\u00eda y Humanidades, por medio de su Coordinaci\u00f3n de Vinculaci\u00f3n con el Medio, programa un calendario anual de\u00a0<strong id=\"tag_2_1\">Difusi\u00f3n de Carreras\u00a0<\/strong>consistente en el desarrollo de diversas actividades que pretenden cubrir la demanda de informaci\u00f3n de los y las estudiantes interesados en estudiar alguna de las carreras que se imparten en ella.<\/p>\n<p id=\"tag_2_3\" style=\"text-align: justify;\">Las actividades consisten en: visitas guiadas al Campus Isla Teja y la Facultad, a establecimientos educacionales y a ferias educacionales de la regi\u00f3n.<\/p>\n<p><strong>Contacto:\u00a0<\/strong><br \/>\nSrta. Carolina Angulo Bravo<br \/>\n<strong>Fono:<\/strong>\u00a0+56-63-2293163<br \/>\n<strong>Correo electr\u00f3nico:<\/strong>\u00a0promofil@uach.cl<\/p>\n<div id='gallery-1' class='gallery galleryid-1294 gallery-columns-3 gallery-size-thumbnail'><dl class='gallery-item'>\n\t\t\t<dt class='gallery-icon landscape'>\n\t\t\t\t<a href='https:\/\/humanidades.uach.cl\/respaldo\/extension\/difusion-de-carreras\/dscf00041-800x600\/'><img width=\"100\" height=\"100\" src=\"https:\/\/humanidades.uach.cl\/respaldo\/wp-content\/uploads\/DSCF00041-800x6001-100x100.jpg\" class=\"attachment-thumbnail size-thumbnail\" alt=\"\" loading=\"lazy\" \/><\/a>\n\t\t\t<\/dt><\/dl><dl class='gallery-item'>\n\t\t\t<dt class='gallery-icon landscape'>\n\t\t\t\t<a href='https:\/\/humanidades.uach.cl\/respaldo\/extension\/difusion-de-carreras\/campus-tour-filosofia-2\/'><img width=\"100\" height=\"100\" src=\"https:\/\/humanidades.uach.cl\/respaldo\/wp-content\/uploads\/campus_tour20101001_039A-100x100.jpg\" class=\"attachment-thumbnail size-thumbnail\" alt=\"\" loading=\"lazy\" \/><\/a>\n\t\t\t<\/dt><\/dl><dl class='gallery-item'>\n\t\t\t<dt class='gallery-icon landscape'>\n\t\t\t\t<a href='https:\/\/humanidades.uach.cl\/respaldo\/extension\/difusion-de-carreras\/545380_348399685255776_573093138_n\/'><img width=\"100\" height=\"100\" src=\"https:\/\/humanidades.uach.cl\/respaldo\/wp-content\/uploads\/545380_348399685255776_573093138_n-100x100.jpg\" class=\"attachment-thumbnail size-thumbnail\" alt=\"\" loading=\"lazy\" \/><\/a>\n\t\t\t<\/dt><\/dl><br style=\"clear: both\" \/><dl class='gallery-item'>\n\t\t\t<dt class='gallery-icon landscape'>\n\t\t\t\t<a href='https:\/\/humanidades.uach.cl\/respaldo\/extension\/difusion-de-carreras\/540805_450259998343947_1729060610_n\/'><img width=\"100\" height=\"100\" src=\"https:\/\/humanidades.uach.cl\/respaldo\/wp-content\/uploads\/540805_450259998343947_1729060610_n-100x100.jpg\" class=\"attachment-thumbnail size-thumbnail\" alt=\"\" loading=\"lazy\" \/><\/a>\n\t\t\t<\/dt><\/dl><dl class='gallery-item'>\n\t\t\t<dt class='gallery-icon landscape'>\n\t\t\t\t<a href='https:\/\/humanidades.uach.cl\/respaldo\/extension\/difusion-de-carreras\/404302_456654071037873_1245413473_n\/'><img width=\"100\" height=\"100\" src=\"https:\/\/humanidades.uach.cl\/respaldo\/wp-content\/uploads\/404302_456654071037873_1245413473_n-100x100.jpg\" class=\"attachment-thumbnail size-thumbnail\" alt=\"\" loading=\"lazy\" \/><\/a>\n\t\t\t<\/dt><\/dl>\n\t\t\t<br style='clear: both' \/>\n\t\t<\/div>\n\n","protected":false},"excerpt":{"rendered":"<p>La Facultad de Filosof\u00eda y Humanidades, por medio de su Coordinaci\u00f3n de Vinculaci\u00f3n con el Medio, programa un calendario anual de\u00a0Difusi\u00f3n de Carreras\u00a0consistente en el desarrollo de diversas actividades que pretenden cubrir la demanda de informaci\u00f3n de los y las estudiantes interesados en estudiar alguna de las carreras que se imparten en ella. Las actividades [&hellip;]<\/p>\n","protected":false},"author":1,"featured_media":11986,"parent":1286,"menu_order":0,"comment_status":"open","ping_status":"open","template":"page_extension.php","meta":[],"_links":{"self":[{"href":"https:\/\/humanidades.uach.cl\/respaldo\/wp-json\/wp\/v2\/pages\/1294"}],"collection":[{"href":"https:\/\/humanidades.uach.cl\/respaldo\/wp-json\/wp\/v2\/pages"}],"about":[{"href":"https:\/\/humanidades.uach.cl\/respaldo\/wp-json\/wp\/v2\/types\/page"}],"author":[{"embeddable":true,"href":"https:\/\/humanidades.uach.cl\/respaldo\/wp-json\/wp\/v2\/users\/1"}],"replies":[{"embeddable":true,"href":"https:\/\/humanidades.uach.cl\/respaldo\/wp-json\/wp\/v2\/comments?post=1294"}],"version-history":[{"count":25,"href":"https:\/\/humanidades.uach.cl\/respaldo\/wp-json\/wp\/v2\/pages\/1294\/revisions"}],"predecessor-version":[{"id":27666,"href":"https:\/\/humanidades.uach.cl\/respaldo\/wp-json\/wp\/v2\/pages\/1294\/revisions\/27666"}],"up":[{"embeddable":true,"href":"https:\/\/humanidades.uach.cl\/respaldo\/wp-json\/wp\/v2\/pages\/1286"}],"wp:featuredmedia":[{"embeddable":true,"href":"https:\/\/humanidades.uach.cl\/respaldo\/wp-json\/wp\/v2\/media\/11986"}],"wp:attachment":[{"href":"https:\/\/humanidades.uach.cl\/respaldo\/wp-json\/wp\/v2\/media?parent=1294"}],"curies":[{"name":"wp","href":"https:\/\/api.w.org\/{rel}","templated":true}]}}