{"id":12702,"date":"2014-04-03T13:34:35","date_gmt":"2014-04-03T17:34:35","guid":{"rendered":"http:\/\/humanidades.uach.cl\/respaldo\/?page_id=12702"},"modified":"2016-05-19T16:01:31","modified_gmt":"2016-05-19T20:01:31","slug":"proyectos-de-extension","status":"publish","type":"page","link":"https:\/\/humanidades.uach.cl\/respaldo\/proyectos-de-extension\/","title":{"rendered":"XVII Concurso de Proyectos de Extensi\u00f3n"},"content":{"rendered":"<p><img loading=\"lazy\" class=\"size-medium wp-image-16889 alignleft\" src=\"http:\/\/humanidades.uach.cl\/respaldo\/wp-content\/uploads\/2015\/05\/P2016_60ANOS-250x364.png\" alt=\"P2016_60ANOS\" width=\"250\" height=\"364\" srcset=\"https:\/\/humanidades.uach.cl\/respaldo\/wp-content\/uploads\/2015\/05\/P2016_60ANOS-250x364.png 250w, https:\/\/humanidades.uach.cl\/respaldo\/wp-content\/uploads\/2015\/05\/P2016_60ANOS-768x1118.png 768w, https:\/\/humanidades.uach.cl\/respaldo\/wp-content\/uploads\/2015\/05\/P2016_60ANOS-412x600.png 412w, https:\/\/humanidades.uach.cl\/respaldo\/wp-content\/uploads\/2015\/05\/P2016_60ANOS.png 935w\" sizes=\"(max-width: 250px) 100vw, 250px\" \/>La Coordinaci\u00f3n de Extensi\u00f3n de la Facultad de Filosof\u00eda y Humanidades convoca todos los a\u00f1os a los estudiantes de pregrado de la Facultad de Filosof\u00eda y Humanidades a postular al Concurso de Proyectos de extensi\u00f3n. A partir de este a\u00f1o 2015, el <strong>Concurso de Proyectos de Extensi\u00f3n <\/strong>contar\u00e1 con dos cupos adicionales, dirigido a estudiantes de postgrado y funcionarios, respectivamente.<\/p>\n<p>El concurso tiene como finalidad fortalecer el desarrollo de la formaci\u00f3n acad\u00e9mica, art\u00edstico-cultural, deportiva y social, proyectando las iniciativas hacia la universidad y la comunidad regional. Este concurso fomenta el trabajo interdisciplinario y triestamental entre estudiantes de diferentes escuelas, programas y facultades, as\u00ed como entre estudiantes, docentes y funcionarios, estimulando de esta manera la elaboraci\u00f3n y gesti\u00f3n de proyectos a partir de sus organizaciones gremiales, grupos art\u00edsticos y de inter\u00e9s o iniciativas individuales.<\/p>\n<p>Las fechas de apertura y cierre del concurso son el <strong>2 y 27 de mayo <\/strong>de 2016 respectivamente.<\/p>\n<h3><\/h3>\n<h3>Bases<\/h3>\n<ul>\n<li><a href=\"http:\/\/humanidades.uach.cl\/respaldo\/wp-content\/uploads\/2016\/04\/Bases-Proyectos-de-Extensi\u00f3n-2016-60-a\u00f1os-Funcionarios.pdf\" target=\"_blank\">Bases Proyectos de Extensi\u00f3n 2016 &#8211; Funcionarios<\/a><br \/>\n<a href=\"http:\/\/humanidades.uach.cl\/respaldo\/wp-content\/uploads\/2016\/04\/Bases-Proyectos-de-Extensi\u00f3n-2016-60-a\u00f1os-Pregrado.pdf\">Bases Proyectos de Extensi\u00f3n 2016 &#8211; Estudiantes de Pregrado<\/a><br \/>\n<a href=\"http:\/\/humanidades.uach.cl\/respaldo\/wp-content\/uploads\/2016\/04\/Bases-Proyectos-de-Extensi\u00f3n-2016-60-a\u00f1os-Postgrado.pdf\" target=\"_blank\">Bases Proyectos de Extensi\u00f3n 2016 &#8211; Estudiantes de Postgrado<\/a><\/li>\n<\/ul>\n<h3><strong>Formularios<\/strong><\/h3>\n<ul>\n<li><a href=\"http:\/\/humanidades.uach.cl\/respaldo\/wp-content\/uploads\/2016\/05\/Formulario-Funcionarios-2016.pdf\">FUNCIONARIOS<\/a> &#8211; <a href=\"http:\/\/humanidades.uach.cl\/respaldo\/wp-content\/uploads\/2016\/05\/Formulario-Pregrado-2016.pdf\">PREGRADO<\/a> &#8211; <a href=\"http:\/\/humanidades.uach.cl\/respaldo\/wp-content\/uploads\/2016\/05\/Formulario-Postgrado-2016.pdf\">POSTGRADO<\/a><\/li>\n<li><a href=\"http:\/\/humanidades.uach.cl\/respaldo\/wp-content\/uploads\/2016\/05\/FORMULARIOS-PROYECTOS-2016.rar\">VERSI\u00d3N EDITABLE<\/a><\/li>\n<\/ul>\n","protected":false},"excerpt":{"rendered":"<p>XV Concurso de Proyectos de Extensi\u00f3n<\/p>\n","protected":false},"author":1,"featured_media":0,"parent":0,"menu_order":0,"comment_status":"closed","ping_status":"closed","template":"page-proyectos.php","meta":[],"_links":{"self":[{"href":"https:\/\/humanidades.uach.cl\/respaldo\/wp-json\/wp\/v2\/pages\/12702"}],"collection":[{"href":"https:\/\/humanidades.uach.cl\/respaldo\/wp-json\/wp\/v2\/pages"}],"about":[{"href":"https:\/\/humanidades.uach.cl\/respaldo\/wp-json\/wp\/v2\/types\/page"}],"author":[{"embeddable":true,"href":"https:\/\/humanidades.uach.cl\/respaldo\/wp-json\/wp\/v2\/users\/1"}],"replies":[{"embeddable":true,"href":"https:\/\/humanidades.uach.cl\/respaldo\/wp-json\/wp\/v2\/comments?post=12702"}],"version-history":[{"count":13,"href":"https:\/\/humanidades.uach.cl\/respaldo\/wp-json\/wp\/v2\/pages\/12702\/revisions"}],"predecessor-version":[{"id":16968,"href":"https:\/\/humanidades.uach.cl\/respaldo\/wp-json\/wp\/v2\/pages\/12702\/revisions\/16968"}],"wp:attachment":[{"href":"https:\/\/humanidades.uach.cl\/respaldo\/wp-json\/wp\/v2\/media?parent=12702"}],"curies":[{"name":"wp","href":"https:\/\/api.w.org\/{rel}","templated":true}]}}