{"id":1630,"date":"2011-11-26T03:25:42","date_gmt":"2011-11-26T03:25:42","guid":{"rendered":"http:\/\/humanidades.uach.cl\/respaldo\/?page_id=1630"},"modified":"2011-11-26T14:29:26","modified_gmt":"2011-11-26T14:29:26","slug":"los-cuentos-de-pedro-urdemales-2003","status":"publish","type":"page","link":"http:\/\/humanidades.uach.cl\/respaldo\/compania-de-teatro-pequena-isla\/obras\/los-cuentos-de-pedro-urdemales-2003\/","title":{"rendered":"Los Cuentos de Pedro Urdemales (2003)"},"content":{"rendered":"<p><div id='gallery-1' class='gallery galleryid-1630 gallery-columns-3 gallery-size-thumbnail'><dl class='gallery-item'>\n\t\t\t<dt class='gallery-icon landscape'>\n\t\t\t\t<a href='http:\/\/humanidades.uach.cl\/respaldo\/compania-de-teatro-pequena-isla\/obras\/los-cuentos-de-pedro-urdemales-2003\/dscf5929\/'><img width=\"100\" height=\"100\" src=\"http:\/\/humanidades.uach.cl\/respaldo\/wp-content\/uploads\/DSCF5929-100x100.jpg\" class=\"attachment-thumbnail size-thumbnail\" alt=\"\" loading=\"lazy\" \/><\/a>\n\t\t\t<\/dt><\/dl><dl class='gallery-item'>\n\t\t\t<dt class='gallery-icon landscape'>\n\t\t\t\t<a href='http:\/\/humanidades.uach.cl\/respaldo\/compania-de-teatro-pequena-isla\/obras\/los-cuentos-de-pedro-urdemales-2003\/dscf5932\/'><img width=\"100\" height=\"100\" src=\"http:\/\/humanidades.uach.cl\/respaldo\/wp-content\/uploads\/DSCF5932-100x100.jpg\" class=\"attachment-thumbnail size-thumbnail\" alt=\"\" loading=\"lazy\" \/><\/a>\n\t\t\t<\/dt><\/dl><dl class='gallery-item'>\n\t\t\t<dt class='gallery-icon landscape'>\n\t\t\t\t<a href='http:\/\/humanidades.uach.cl\/respaldo\/compania-de-teatro-pequena-isla\/obras\/los-cuentos-de-pedro-urdemales-2003\/dscf5942\/'><img width=\"100\" height=\"100\" src=\"http:\/\/humanidades.uach.cl\/respaldo\/wp-content\/uploads\/DSCF5942-100x100.jpg\" class=\"attachment-thumbnail size-thumbnail\" alt=\"\" loading=\"lazy\" \/><\/a>\n\t\t\t<\/dt><\/dl><br style=\"clear: both\" \/><dl class='gallery-item'>\n\t\t\t<dt class='gallery-icon landscape'>\n\t\t\t\t<a href='http:\/\/humanidades.uach.cl\/respaldo\/compania-de-teatro-pequena-isla\/obras\/los-cuentos-de-pedro-urdemales-2003\/dscf5955\/'><img width=\"100\" height=\"100\" src=\"http:\/\/humanidades.uach.cl\/respaldo\/wp-content\/uploads\/DSCF5955-100x100.jpg\" class=\"attachment-thumbnail size-thumbnail\" alt=\"\" loading=\"lazy\" \/><\/a>\n\t\t\t<\/dt><\/dl>\n\t\t\t<br style='clear: both' \/>\n\t\t<\/div>\nDirecci\u00f3n: Roberto Matamala<\/p>\n<p>M\u00fasica Original: Jorge \u201cCoke\u201d Vio<\/p>\n<p>Texto: Roberto Matamala<\/p>\n<p>Direcci\u00f3n de arte: Germ\u00e1n Droghetti<\/p>\n<p>Actores: C\u00eda. de Teatro Uach<\/p>\n<p>Producci\u00f3n de arte: C\u00eda. de Teatro Uach<\/p>\n","protected":false},"excerpt":{"rendered":"<p>Direcci\u00f3n: Roberto Matamala M\u00fasica Original: Jorge \u201cCoke\u201d Vio Texto: Roberto Matamala Direcci\u00f3n de arte: Germ\u00e1n Droghetti Actores: C\u00eda. de Teatro Uach Producci\u00f3n de arte: C\u00eda. de Teatro Uach<\/p>\n","protected":false},"author":1,"featured_media":0,"parent":1647,"menu_order":0,"comment_status":"open","ping_status":"closed","template":"page_teatro.php","meta":[],"_links":{"self":[{"href":"http:\/\/humanidades.uach.cl\/respaldo\/wp-json\/wp\/v2\/pages\/1630"}],"collection":[{"href":"http:\/\/humanidades.uach.cl\/respaldo\/wp-json\/wp\/v2\/pages"}],"about":[{"href":"http:\/\/humanidades.uach.cl\/respaldo\/wp-json\/wp\/v2\/types\/page"}],"author":[{"embeddable":true,"href":"http:\/\/humanidades.uach.cl\/respaldo\/wp-json\/wp\/v2\/users\/1"}],"replies":[{"embeddable":true,"href":"http:\/\/humanidades.uach.cl\/respaldo\/wp-json\/wp\/v2\/comments?post=1630"}],"version-history":[{"count":4,"href":"http:\/\/humanidades.uach.cl\/respaldo\/wp-json\/wp\/v2\/pages\/1630\/revisions"}],"predecessor-version":[{"id":1691,"href":"http:\/\/humanidades.uach.cl\/respaldo\/wp-json\/wp\/v2\/pages\/1630\/revisions\/1691"}],"up":[{"embeddable":true,"href":"http:\/\/humanidades.uach.cl\/respaldo\/wp-json\/wp\/v2\/pages\/1647"}],"wp:attachment":[{"href":"http:\/\/humanidades.uach.cl\/respaldo\/wp-json\/wp\/v2\/media?parent=1630"}],"curies":[{"name":"wp","href":"https:\/\/api.w.org\/{rel}","templated":true}]}}