{"id":147,"date":"2011-10-26T14:48:07","date_gmt":"2011-10-26T17:48:07","guid":{"rendered":"http:\/\/inspiracion.cl\/humanidades\/?page_id=147"},"modified":"2017-05-06T16:04:24","modified_gmt":"2017-05-06T20:04:24","slug":"eje-politica-universitaria","status":"publish","type":"page","link":"http:\/\/humanidades.uach.cl\/respaldo\/facultad\/plan-estrategico\/eje-politica-universitaria\/","title":{"rendered":"Eje Pol\u00edtica Universitaria"},"content":{"rendered":"<p><b>OBJETIVO ESTRAT\u00c9GICO GENERAL<\/b><\/p>\n<p><b><\/b>Fortalecer la comunidad universitaria mediante la democratizaci\u00f3n de la gobernanza.<\/p>\n<p>&nbsp;<\/p>\n<p><b>OBJETIVO ESTRAT\u00c9GICO ESPEC\u00cdFICO 1<br \/>\n<\/b>Avanzar en los procesos de democratizaci\u00f3n universitaria a nivel interno con perspectiva local y nacional.<\/p>\n<p><b>L\u00edneas de acci\u00f3n<\/b><\/p>\n<p>1. Diagnosticar e identificar las modificaciones normativas sobre participaci\u00f3n triestamental de la Universidad a ser propuestas desde la Facultad<\/p>\n<p>2. Implementar mecanismos de participaci\u00f3n y democratizaci\u00f3n en las unidades de la Facultad.<\/p>\n<p>3. Consolidar la comisi\u00f3n triestamental de la Facultad como espacio de coordinaci\u00f3n e implementaci\u00f3n del Plan estrat\u00e9gico en el \u00e1rea de Pol\u00edtica Universitaria.<\/p>\n<p>&nbsp;<\/p>\n<p><b>OBJETIVO ESTRAT\u00c9GICO ESPEC\u00cdFICO 2<br \/>\n<\/b>Formular triestamentalmente un programa de formaci\u00f3n en participaci\u00f3n y pol\u00edtica universitaria.<\/p>\n<p><b>L\u00edneas de acci\u00f3n<\/b><\/p>\n<p>Implementar instancias triestamentales permanentes de formaci\u00f3n en participaci\u00f3n y pol\u00edtica universitaria.<\/p>\n<p><b>\u00a0<\/b><\/p>\n<p><b>OBJETIVO ESTRAT\u00c9GICO ESPEC\u00cdFICO 3<br \/>\n<\/b>Vincular los saberes y disciplinas que se cultivan en la Facultad de Filosof\u00eda y Humanidades con la comunidad territorial.<\/p>\n<p><b>L\u00edneas de acci\u00f3n<\/b><\/p>\n<p>1. Sistematizar la investigaci\u00f3n en el \u00e1mbito educativo, social y cultural, producido en la Facultad y ponerlo a disposici\u00f3n de comunidades de base e instituciones.<\/p>\n<p>2. Constituir espacios formativos para y con la comunidad regional referido a los saberes que cultiva la Facultad.<\/p>\n<p>3. Levantar propuestas pol\u00edticas desde la facultad en los \u00e1mbitos educativo, social y cultural.<\/p>\n","protected":false},"excerpt":{"rendered":"<p>OBJETIVO ESTRAT\u00c9GICO GENERAL Fortalecer la comunidad universitaria mediante la democratizaci\u00f3n de la gobernanza. &nbsp; OBJETIVO ESTRAT\u00c9GICO ESPEC\u00cdFICO 1 Avanzar en los procesos de democratizaci\u00f3n universitaria a nivel interno con perspectiva local y nacional. L\u00edneas de acci\u00f3n 1. Diagnosticar e identificar las modificaciones normativas sobre participaci\u00f3n triestamental de la Universidad a ser propuestas desde la Facultad [&hellip;]<\/p>\n","protected":false},"author":1,"featured_media":0,"parent":134,"menu_order":0,"comment_status":"open","ping_status":"closed","template":"page_planEstrategico.php","meta":[],"_links":{"self":[{"href":"http:\/\/humanidades.uach.cl\/respaldo\/wp-json\/wp\/v2\/pages\/147"}],"collection":[{"href":"http:\/\/humanidades.uach.cl\/respaldo\/wp-json\/wp\/v2\/pages"}],"about":[{"href":"http:\/\/humanidades.uach.cl\/respaldo\/wp-json\/wp\/v2\/types\/page"}],"author":[{"embeddable":true,"href":"http:\/\/humanidades.uach.cl\/respaldo\/wp-json\/wp\/v2\/users\/1"}],"replies":[{"embeddable":true,"href":"http:\/\/humanidades.uach.cl\/respaldo\/wp-json\/wp\/v2\/comments?post=147"}],"version-history":[{"count":9,"href":"http:\/\/humanidades.uach.cl\/respaldo\/wp-json\/wp\/v2\/pages\/147\/revisions"}],"predecessor-version":[{"id":18245,"href":"http:\/\/humanidades.uach.cl\/respaldo\/wp-json\/wp\/v2\/pages\/147\/revisions\/18245"}],"up":[{"embeddable":true,"href":"http:\/\/humanidades.uach.cl\/respaldo\/wp-json\/wp\/v2\/pages\/134"}],"wp:attachment":[{"href":"http:\/\/humanidades.uach.cl\/respaldo\/wp-json\/wp\/v2\/media?parent=147"}],"curies":[{"name":"wp","href":"https:\/\/api.w.org\/{rel}","templated":true}]}}