{"id":1291,"date":"2011-11-17T04:39:20","date_gmt":"2011-11-17T04:39:20","guid":{"rendered":"http:\/\/inspiracion.cl\/humanidades\/?page_id=1291"},"modified":"2013-12-08T15:58:10","modified_gmt":"2013-12-08T18:58:10","slug":"preguntas-frecuentes","status":"publish","type":"page","link":"http:\/\/humanidades.uach.cl\/respaldo\/extension\/preguntas-frecuentes\/","title":{"rendered":"Preguntas Frecuentes"},"content":{"rendered":"<p style=\"text-align: justify;\"><strong>\u00bfC\u00f3mo puedo obtener informaci\u00f3n m\u00e1s detallada de las carreras de la Facultad de Filosof\u00eda y Humanidades?<\/strong><\/p>\n<p style=\"text-align: justify;\"><strong><\/strong>En nuestra p\u00e1gina web <a href=\"http:\/\/humanidades.uach.cl\/respaldo\/\" target=\"_blank\">www.humanidades.uach.cl<\/a> se encuentra toda la informaci\u00f3n concerniente a cada una de las carreras impartidas en nuestra Facultad, como aranceles, cupos, plantel docente, malla curricular, servicios, etc\u00e9tera. Asimismo puedes solicitar informaci\u00f3n adicional escribiendo a extenfil@uach.cl y\/o a los directores de cada una de las carreras.<\/p>\n<p style=\"text-align: justify;\"><strong>\u00bfQu\u00e9 debo hacer para agendar alguna actividad con el equipo de difusi\u00f3n como, por ejemplo, la asistencia a una feria educacional, un campus tour o la visita a alg\u00fan establecimiento educacional?<\/strong><\/p>\n<p style=\"text-align: justify;\">Debe contactarse con la encargada de difusi\u00f3n de carreras, Fernanda Luzzi, al tel\u00e9fono 2293163 o al correo electr\u00f3nico <a href=\"mailto:extenfil@uach.cl\">extenfil@uach.cl<\/a>.<\/p>\n<p style=\"text-align: justify;\"><strong>\u00bfC\u00f3mo puedo informarme de las becas y beneficios a los que puedo postular para estudiar en la UACh?<\/strong><\/p>\n<p style=\"text-align: justify;\">En el sitio web de la Universidad, espec\u00edficamente en la <a href=\"http:\/\/www.uach.cl\/direccion\/asuntosestudiantiles\/bienestar\/beneficios_arancel.htm\" target=\"_blank\">Direcci\u00f3n de Asuntos Estudiantiles<\/a>, se encuentra toda la informaci\u00f3n sobre las becas y beneficios vigentes a los que pueden optar los estudiantes interesados en cursar alguna carrera en la UACh. All\u00ed encontrar\u00e1s enlaces a sitios externos que entregan informaci\u00f3n m\u00e1s detallada sobre las exigencias y requisitos de postulaci\u00f3n para cada una de las becas y beneficios para el a\u00f1o 2011.<\/p>\n<p style=\"text-align: justify;\"><strong>\u00bfQu\u00e9 es el Bachillerato en Humanidades y Ciencias Sociales?<\/strong><\/p>\n<p style=\"text-align: justify;\">El Bachillerato es un grado acad\u00e9mico preparatorio (o ciclo b\u00e1sico) que certifica competencias gen\u00e9ricas\u00a0 y permite la continuaci\u00f3n de estudios de pregrado para alcanzar la licenciatura y un t\u00edtulo profesional. Est\u00e1 conformado por ejes tem\u00e1ticos que contienen m\u00f3dulos y talleres para una formaci\u00f3n amplia e interdisciplinaria. Integra las Humanidades con las Ciencias Sociales y se ofrece, como parte del plan curricular, en los primeros cuatro semestres de todas las carreras de la Facultad de Filosof\u00eda y Humanidades.<\/p>\n<p style=\"text-align: justify;\"><strong>\u00bfQu\u00e9 es un campus tour?<\/strong><\/p>\n<p style=\"text-align: justify;\">La Universidad Austral de Chile establece anualmente visitas para que los establecimientos educacionales interesados conozcan sus principales dependencias, tanto del Campus Isla Teja como del Campus Miraflores. Estas actividades est\u00e1n destinadas preferentemente a estudiantes de 3\u00ba y 4\u00ba medio, a los cuales se les informa sobre los principales aspectos de nuestra Universidad y sus carreras a trav\u00e9s de charlas expositivas. Asimismo, tienen la oportunidad de conocer y visitar el \u00e1rea de su preferencia. Los campus tour se realizan \u00fanicamente en la jornada de la ma\u00f1ana entre las 9:00 y las 13:00 horas. Para mayor informaci\u00f3n se puede llamar a los tel\u00e9fonos 2293043 \u00f3 2221350, o bien enviar un correo electr\u00f3nico a <a href=\"mailto:difusi%C3%B3n@uach.cl\">difusi\u00f3n@uach.cl<\/a>. Para coordinar visitas exclusivas a la Facultad de Filosof\u00eda y Humanidades se puede llamar al tel\u00e9fono 2293163 o enviar un correo a <a href=\"mailto:extenfil@uach.cl\">extenfil@uach.cl<\/a><\/p>\n<p style=\"text-align: justify;\"><strong>\u00bfQu\u00e9 son las ferias educacionales?<\/strong><\/p>\n<p style=\"text-align: justify;\"><strong><\/strong>La Facultad de Filosof\u00eda y Humanidades, por medio de su Coordinaci\u00f3n de Extensi\u00f3n, programa un calendario de visitas semestral de su equipo de difusi\u00f3n a las principales Ferias Educacionales de la Regi\u00f3n. En ellas las Facultad se hace presente con un stand de difusi\u00f3n donde se entrega el material informativo necesario sobre cada una de las carreras de nuestra Facultad.<\/p>\n<p style=\"text-align: justify;\">Para cualquier informaci\u00f3n sobre las Ferias Educacionales en las que estar\u00e1 presente el equipo de difusi\u00f3n, puede contactarse al tel\u00e9fono 2293163, o bien, escribir a <a href=\"mailto:extenfil@uach.cl\">extenfil@uach.cl<\/a>.<\/p>\n<p style=\"text-align: justify;\"><strong>\u00bfCu\u00e1les son las becas y beneficios que ofrece la UACh y, en particular, la Facultad de Filosof\u00eda y Humanidades para estudiar en ella?<\/strong><\/p>\n<p style=\"text-align: justify;\">Las becas y beneficios que ofrece la Universidad Austral de Chile, y a las cuales pueden postular todos los estudiantes interesados en cursar estudios superiores en ella, est\u00e1n divididas en dos grandes grupos: beneficios y becas de arancel y beneficios y becas de mantenci\u00f3n.<\/p>\n<p style=\"text-align: justify;\">Las <a href=\"http:\/\/www.uach.cl\/direccion\/asuntosestudiantiles\/bienestar\/beneficios_mantencion.htm\" target=\"_blank\">becas y beneficios de arancel<\/a> son aquellas que entregan un aporte para ayudar a paliar los costos de matr\u00edcula y arancel.<\/p>\n<p style=\"text-align: justify;\">Las becas de mantenci\u00f3n por su parte son beneficios que permiten a los estudiantes acceder a becas de alimentaci\u00f3n y trabajos remunerados en diferentes institutos y unidades de la Universidad. M\u00e1s informaci\u00f3n sobre estos beneficios en www.uach.cl\/direccion\/asuntosestudiantiles\/bienestar\/beneficios_mantencion.htm<\/p>\n<p style=\"text-align: justify;\">Adem\u00e1s, a partir del 2011, los interesados\/as en estudiar alguna pedagog\u00eda pueden postular a la beca <a href=\"http:\/\/www.eligeeducar.cl\/\" target=\"_blank\">Elige Educar<\/a> o a la beca <a href=\"http:\/\/www.mineduc.cl\/\" target=\"_blank\">Vocaci\u00f3n de Profesor<\/a>.<\/p>\n<p style=\"text-align: justify;\"><strong>\u00bfC\u00f3mo puedo conocer el plan de estudios o malla curricular de cada carrera?<\/strong><\/p>\n<p>En nuestra <a href=\"http:\/\/humanidades.uach.cl\/respaldo\/admision\/\" target=\"_blank\">p\u00e1gina web<\/a> se encuentra toda la informaci\u00f3n detallada de cada una de las carreras de nuestra Facultad: sus mallas curriculares o planes de estudios, sus requisitos de egreso y titulaci\u00f3n, aranceles, etc. Adem\u00e1s se puede contactar al encargado de difusi\u00f3n de carreras al correo <a href=\"mailto:extenfil@uach.cl\">extenfil@uach.cl<\/a> para obtener informaci\u00f3n adicional.<\/p>\n<p style=\"text-align: justify;\"><strong>\u00bfEs posible acceder a los programas de cursos de las carreras y conocer los nombres de los\/as profesores\/as encargado\/as?<\/strong><\/p>\n<p style=\"text-align: justify;\">En nuestra p\u00e1gina web, en el apartado de planes de estudio de cada una de las carreras se encuentran los programas de los diversos cursos y asignaturas de cada uno de los cursos impartidos en la Facultad de Filosof\u00eda y Humanidades. En ellos se detalla la descripci\u00f3n del curso, los cr\u00e9ditos que entrega, su duraci\u00f3n, el profesor que lo dicta, entre otros datos de inter\u00e9s de cada curso o asignatura.<\/p>\n<p style=\"text-align: justify;\"><strong>\u00bfC\u00f3mo me puedo contactar con alg\u00fan\/a profesor\/a espec\u00edfico\/a?<\/strong><\/p>\n<p style=\"text-align: justify;\">En la secci\u00f3n <a href=\"http:\/\/humanidades.uach.cl\/respaldo\/academicos\/\" target=\"_blank\">Acad\u00e9micos<\/a>, se encuentra la n\u00f3mina de todos profesores, tanto de planta como adjuntos, ordenados alfab\u00e9ticamente o por su adscripci\u00f3n a uno de los cuatro institutos de la Facultad, que realizan actividades de docencia en las diferentes carreras de la Facultad. All\u00ed se puede encontrar el nombre de cada uno de los profesores,\u00a0 su tel\u00e9fono o correo electr\u00f3nico de contacto, adem\u00e1s de su curr\u00edculum acad\u00e9mico que incluye informaci\u00f3n sobre docencia de pre- y postgrado, investigaci\u00f3n, extensi\u00f3n y gesti\u00f3n.<\/p>\n<p style=\"text-align: justify;\"><strong>\u00bfCu\u00e1les son los servicios que brindan la UACh y la Facultad de Filosof\u00eda y Humanidades a sus estudiantes?<\/strong><\/p>\n<p style=\"text-align: justify;\">La Facultad de Filosof\u00eda y Humanidades cuenta con diversos <a href=\"http:\/\/humanidades.uach.cl\/respaldo\/admision\/servicios\/\" target=\"_blank\">servicios<\/a> para ayudar a facilitar los estudios y las comunicaciones de sus estudiantes, entre los que destacan:<\/p>\n<p>Wifi en todo el Centro de Innovaci\u00f3n Docente, un sistema de pr\u00e9stamo de notebooks para los estudiantes, laboratorios de computaci\u00f3n y laboratorios de idiomas, estudios de radio y de televisi\u00f3n, plataforma virtual Info-alumnos, donde pueden acceder a toda la informaci\u00f3n correspondiente a su estad\u00eda en la Universidad, acceso a <a href=\"https:\/\/www.siveduc.cl\/\" target=\"_blank\">SIVEDUC<\/a> (plataforma virtual que apoya las asignaturas a trav\u00e9s del almacenamiento de datos), y biblioteca.<strong><\/strong><\/p>\n<p style=\"text-align: justify;\"><strong>\u00bfC\u00f3mo s\u00e9 si las carreras que se ofrecen en la Facultad de Filosof\u00eda y Humanidades est\u00e1n acreditadas? <\/strong><\/p>\n<p style=\"text-align: justify;\">Todas las carreras de la Facultad de Filosof\u00eda y Humanidades han sido acreditadas por la <a href=\"http:\/\/www.cnachile.cl\" target=\"_blank\">Comisi\u00f3n Nacional de Acreditaci\u00f3n<\/a> entre 4 a 6 a\u00f1os. Inf\u00f3rmese sobre las <a href=\"http:\/\/www.uach.cl\/organizacion\/vicerrectoria\/academica\/oficina\/autoevaluacion\/?go=carreras.acreditadas\" target=\"_blank\">carrera acreditadas de la UACh<\/a> y sobre los <a href=\"http:\/\/www.uach.cl\/organizacion\/vicerrectoria\/academica\/oficina\/autoevaluacion\/?go=carreras.enproceso\" target=\"_blank\">proceso de acreditaci\u00f3n<\/a>.<\/p>\n<p style=\"text-align: justify;\"><strong>\u00bfQu\u00e9 significa que una carrera est\u00e9 o no acreditada?<\/strong><\/p>\n<p style=\"text-align: justify;\">La acreditaci\u00f3n de carreras es un proceso voluntario, eminentemente t\u00e9cnico, que tiene como finalidad asegurar la calidad y el mejoramiento continuo de las carreras de pregrado que imparten las entidades de educaci\u00f3n superior, as\u00ed como en sus programas postgrado y especialidades del \u00e1rea de la salud. Para ello se emplean criterios de evaluaci\u00f3n que corresponden a est\u00e1ndares objetivos de pertinencia, eficiencia y eficacia aceptados por las comunidades acad\u00e9micas y profesionales correspondientes. En t\u00e9rminos pr\u00e1cticos la acreditaci\u00f3n es un sello de calidad, que dice que en lo esencial, una instituci\u00f3n o carrera cumple con su misi\u00f3n, sus objetivos estrat\u00e9gicos, tiene pol\u00edticas de aseguramiento de calidad, resultados concretos que mostrar y mecanismos para su autorregulaci\u00f3n. En el caso de las carreras de Medicina y Pedagog\u00edas, la acreditaci\u00f3n es obligatoria, seg\u00fan lo establece la Ley 20.129.<\/p>\n<p style=\"text-align: justify;\">Los alumnos nuevos que se incorporen a instituciones acreditadas, podr\u00e1n acceder a financiamiento estatal o recursos que cuenten con su garant\u00eda para el financiamiento de sus estudios, tales como cr\u00e9ditos universitarios, becas, bonos, etc. En el caso de los postgrados acreditados, sus alumnos podr\u00e1n optar a fondos concursables de becas con financiamiento estatal.<\/p>\n","protected":false},"excerpt":{"rendered":"<p>\u00bfC\u00f3mo puedo obtener informaci\u00f3n m\u00e1s detallada de las carreras de la Facultad de Filosof\u00eda y Humanidades? En nuestra p\u00e1gina web www.humanidades.uach.cl se encuentra toda la informaci\u00f3n concerniente a cada una de las carreras impartidas en nuestra Facultad, como aranceles, cupos, plantel docente, malla curricular, servicios, etc\u00e9tera. Asimismo puedes solicitar informaci\u00f3n adicional escribiendo a extenfil@uach.cl y\/o [&hellip;]<\/p>\n","protected":false},"author":1,"featured_media":2343,"parent":1286,"menu_order":0,"comment_status":"open","ping_status":"open","template":"page_extension.php","meta":[],"_links":{"self":[{"href":"http:\/\/humanidades.uach.cl\/respaldo\/wp-json\/wp\/v2\/pages\/1291"}],"collection":[{"href":"http:\/\/humanidades.uach.cl\/respaldo\/wp-json\/wp\/v2\/pages"}],"about":[{"href":"http:\/\/humanidades.uach.cl\/respaldo\/wp-json\/wp\/v2\/types\/page"}],"author":[{"embeddable":true,"href":"http:\/\/humanidades.uach.cl\/respaldo\/wp-json\/wp\/v2\/users\/1"}],"replies":[{"embeddable":true,"href":"http:\/\/humanidades.uach.cl\/respaldo\/wp-json\/wp\/v2\/comments?post=1291"}],"version-history":[{"count":11,"href":"http:\/\/humanidades.uach.cl\/respaldo\/wp-json\/wp\/v2\/pages\/1291\/revisions"}],"predecessor-version":[{"id":11552,"href":"http:\/\/humanidades.uach.cl\/respaldo\/wp-json\/wp\/v2\/pages\/1291\/revisions\/11552"}],"up":[{"embeddable":true,"href":"http:\/\/humanidades.uach.cl\/respaldo\/wp-json\/wp\/v2\/pages\/1286"}],"wp:featuredmedia":[{"embeddable":true,"href":"http:\/\/humanidades.uach.cl\/respaldo\/wp-json\/wp\/v2\/media\/2343"}],"wp:attachment":[{"href":"http:\/\/humanidades.uach.cl\/respaldo\/wp-json\/wp\/v2\/media?parent=1291"}],"curies":[{"name":"wp","href":"https:\/\/api.w.org\/{rel}","templated":true}]}}